. What are the prime factors of p?
1609
Let w(a) = a**3 + 10*a**2 - 19*a - 15. Let i be w(-12). Let u = 114 + i. Suppose -3*n + 45 = -u. What are the prime factors of n?
2, 7
Let q = -82 - 177. Let p = 471 + q. What are the prime factors of p?
2, 53
Let s = 369 - 247. What are the prime factors of s?
2, 61
Let y = -665 - -1789. List the prime factors of y.
2, 281
Suppose -2*n - 4*w = -282, -4*n + w = -5*n + 146. List the prime factors of n.
151
Let k(v) = 5*v**3 + 2*v**2 - 10*v + 13. What are the prime factors of k(2)?
41
Let r(z) be the first derivative of -z**4/4 - 2*z**3/3 - 3*z**2 - 8*z - 10. List the prime factors of r(-6).
2, 43
Let i = -27 + -63. Let j = 236 + i. What are the prime factors of j/6 + 4/6?
5
Let d = 904 - 629. What are the prime factors of d?
5, 11
Suppose 3 = 4*w + 3*l, -7*w - 1 = -2*w - l. Let z(r) = r**2 + 49. What are the prime factors of z(w)?
7
Let g(h) = -3*h**2 + 4*h - 6. Let m(f) = -7*f**2 + 9*f - 12. Let b(n) = 9*g(n) - 4*m(n). Let r be b(3). Suppose -k + r*k = 6. What are the prime factors of k?
3
Suppose -5*n = -4*j + 2*j + 5692, -n = -3*j + 8551. List the prime factors of j.
2851
Let t(u) = -7*u**2 - 3*u**3 - 2*u - u + 2 - 4. Let k(p) = -4*p**3 - 7*p**2 - 3*p - 1. Let a(w) = 2*k(w) - 3*t(w). List the prime factors of a(-6).
2, 11
Suppose 52*f - 21870 = 43*f. What are the prime factors of f?
2, 3, 5
Let h = -763 + 2116. List the prime factors of h.
3, 11, 41
Suppose -417*f - 4624 = -425*f. List the prime factors of f.
2, 17
Suppose -3*b = -3*y + 2508, 5*y + 2*b - 5155 = -954. What are the prime factors of y?
839
Let k(r) = 777*r**3 - 2*r**2 - 10*r + 11. List the prime factors of k(1).
2, 97
Let r(o) = 65*o**2 + 12*o + 23. List the prime factors of r(-5).
2, 397
Let t(d) = -2 - d + 30 + 2*d. Suppose 11*b - 11 + 11 = 0. List the prime factors of t(b).
2, 7
Let n be (260/15)/(-4)*-3. Let w = -7 + n. List the prime factors of (-20)/w*(-12)/10.
2
Let k = 0 - -5. Suppose -4*v - k*x = -294, 0*v + 3*v - 203 = 5*x. What are the prime factors of v?
71
Let i = 1 - -15. List the prime factors of (-2)/4 + 216/i.
13
Let f = -48 - -92. Suppose -f*d - 82 = -46*d. List the prime factors of d.
41
Suppose q = -2*q - 1302. Let z = -5 + -55. List the prime factors of q/(-10) - 36/z.
2, 11
Suppose r = -3*c + 2*r + 4227, 5*r - 5636 = -4*c. What are the prime factors of c?
1409
Let d(r) be the third derivative of r**4/12 + r**3/6 + 4*r**2. Let t be d(1). Suppose -n = -t*n + 14. What are the prime factors of n?
7
Let z(t) = 6*t**2 + 5. Let h be z(4). Let w = h - 3. What are the prime factors of w?
2, 7
Suppose 3*s + 0 = -21. Suppose 0 = -3*k + l + 35, 0*k = k - 4*l - 8. What are the prime factors of -2 + s*k/(-4)?
19
Let a(h) = h**3 + 15*h**2 - 15*h + 29. What are the prime factors of a(-10)?
7, 97
Suppose -5*c - 5*y + 30 = 0, -20 - 3 = -4*c - 3*y. Suppose w - 41 = -c*s + 98, 3*w + 3 = 0. What are the prime factors of s?
2, 7
Suppose -121*q - 6760 = -134*q. List the prime factors of q.
2, 5, 13
Let h = -100 + 226. Suppose 0 = -0*c + 5*c + 5*d + 90, 4*d - h = 5*c. What are the prime factors of (-4 + 0)*c/4?
2, 11
Suppose 0 = 7*k + 30*k - 200170. List the prime factors of k.
2, 5, 541
Suppose 4*h - 4*p - 32 = 0, -p - 30 = -h - 2*h. Let y = h - 7. Suppose y*v = -2 - 18, 5*u - 125 = 4*v. List the prime factors of u.
3, 7
Suppose -16*y = 1687 - 16935. List the prime factors of y.
953
Let h(d) = -d**3 + 29*d**2 + 17*d + 47. What are the prime factors of h(29)?
2, 3, 5
Let i = -88 + 601. Suppose -1098 = -9*r + i. What are the prime factors of r?
179
Suppose -1 = -3*u + 47. Suppose 0 = t - 2, -5*t + u = 3*s - 0*s. Suppose s*a + 250 = 7*a. List the prime factors of a.
2, 5
Suppose 4*p - 5*k = -33, 3*p + 5*k = -2*p - 30. Let q(t) be the first derivative of t**3/3 + 4*t**2 + 10*t - 2. What are the prime factors of q(p)?
3
Let x be ((-2)/5)/((-16)/40). Let n = -8 - x. List the prime factors of -1 - (n - (1 + 1)).
2, 5
Let v = 35 + -9. Let h = v - 17. What are the prime factors of (-21)/2*(-12)/h?
2, 7
Suppose j + 49 - 1247 = -3*n, 1604 = 4*n - 2*j. List the prime factors of n.
2, 5
Let n = 10 + -7. Let x(i) = -1 - i**2 + 9*i - n + 6 - 6. List the prime factors of x(6).
2, 7
Suppose 6 = 8*l - 5*l. Let m be (l/(-6))/((-3)/90). Suppose m*n = 9*n + 6. What are the prime factors of n?
2, 3
Let r = 37 - 36. Let q(h) = 113*h - 4. What are the prime factors of q(r)?
109
Suppose 5*w - i - 5967 = -1869, 0 = -w - 3*i + 826. List the prime factors of w.
2, 5, 41
Suppose 6721*q = 6712*q + 42003. List the prime factors of q.
13, 359
Suppose -2*y = -4*g + 1542, 4*g + 0*y - y - 1547 = 0. List the prime factors of g.
2, 97
Let g(t) = -t**3 + 5*t**2 - 5*t + 6. Let h be g(3). Let r be h/15 - (-46)/(-10). What are the prime factors of (8/r)/((-2)/30)?
2, 3, 5
Suppose -5*m + 4205 + 6329 = -3*w, 5*w = 10. List the prime factors of m.
2, 17, 31
Suppose 2*q + 2*t = t + 22, q + 2*t - 14 = 0. Let f(j) = 6*j - 12. List the prime factors of f(q).
2, 3
Let o = 2097 - 1023. What are the prime factors of o?
2, 3, 179
Let o = 637 - 150. What are the prime factors of o?
487
Suppose 7*o - 8 = 5*o. Suppose -o*h - 232 = -4*n, 2*h - 3*h + 222 = 4*n. List the prime factors of n.
2, 7
Suppose -4*j + 1268 = 4*i, 0*i + 12 = -3*i. Let n be 2/(-6) - 6/(36/58). What are the prime factors of 4/n + j/15?
3, 7
Let f(w) be the first derivative of w**4/4 - 11*w**3/3 + 7*w**2 - 12*w - 30. What are the prime factors of f(11)?
2, 71
Let c(a) = 15*a**2 + 4. Let s(m) = -m**3 + 2*m**2 + 2. Let t be s(2). Let r be c(t). Suppose r = 6*b - 32. What are the prime factors of b?
2
Let k(u) = 207*u + 762. What are the prime factors of k(10)?
2, 3, 59
Suppose 3*v + 0*v - 147 = -3*n, -4*n = 2*v - 106. Suppose -1 = 3*z - 5*q - 6, -v = -4*z - q. List the prime factors of (4 - z)*(-52)/6.
2, 13
Suppose -2 = -n - v - 5, 2*v = 5*n - 6. Let s(u) = u**2 - u + 40. Let k(l) = l**2 - l + 39. Let r(a) = 5*k(a) - 4*s(a). What are the prime factors of r(n)?
5, 7
Suppose -v - 3*v + 34 = o, -34 = -3*v - 5*o. Suppose 4*n - v*n = 4. What are the prime factors of 19/((-16)/(-12) + n)?
3, 19
Let q = -38 - 271. Let v = 522 + q. List the prime factors of v.
3, 71
Let a = 133 - 121. What are the prime factors of -3*((-308)/a + -4)?
89
Let z = -23 + 11. List the prime factors of 77 - 6*8/z.
3
Let k(w) = 10*w**2 + 14*w + 4. List the prime factors of k(-11).
2, 5, 53
Let c(x) = x**2 - x + 2. Let o(b) = -b + b**2 + b**3 - 2*b**2 + 2*b**2 - 1. Let f be o(-1). List the prime factors of c(f).
2
Suppose -4*k + 4*f = -36, -2*k - 14 = -4*f - 34. Suppose -k*z + 89 = -47. List the prime factors of z.
17
Let q = 20 - 17. Suppose j = -r - j + 167, 0 = q*r - 2*j - 509. List the prime factors of r.
13
Suppose 0 = -2*g + 2*m + 224, -413 = -4*g + 4*m - 7*m. Let q = 186 - g. List the prime factors of q.
79
Let n = -44 + 49. Suppose -4*v + 210 + 247 = n*s, s = -5*v + 83. List the prime factors of s.
3, 31
Let h = 1577 + -1087. List the prime factors of h.
2, 5, 7
Let p(g) = -g**2 + 7*g - 10. Let d be p(5). Let o = d - -7. List the prime factors of (o - 4/2) + 3.
2
Suppose 39 = 4*l + 31. Suppose -l*t - 3*m = -8*m - 43, 2*t + m - 13 = 0. List the prime factors of t.
3
Let m = 90 + -87. Let b be (-176)/(-3) + (-4)/6. Suppose -2*n + b = -4*w, m*n - 49 - 3 = -w. List the prime factors of n.
19
Suppose -25 = -5*t, 83*l - 84*l + 3*t = -671. List the prime factors of l.
2, 7
Let i = 1024 + 97. List the prime factors of i.
19, 59
Suppose -25 = -5*s, 5*n + 4*s + 448 = 1233. What are the prime factors of n?
3, 17
Let k = -19 + -1. Let j = k + 35. List the prime factors of j.
3, 5
Let f(d) = 17*d + 46. What are the prime factors of f(19)?
3, 41
Let x(z) = z**2 + 5*z + 3. Let v be x(-5). Suppose v*a = -c - 4*c + 4, -2 = a. Suppose 0 = 2*d - n - 22, 3*n = -d - c*n. List the prime factors of d.
2, 5
Let y(j) = j**3 - 11*j**2 - 22*j + 32. List the prime factors of y(15).
2, 7, 43
Suppose 0 = 4*i - 79 - 41. List the prime factors of i.
2, 3, 5
Let b = 0 - -8. Suppose 2*r = -b + 2. List the prime factors of (-74)/r - (-2)/6.
5
What are the prime factors of ((-231)/55 - 3)/((-4)/70)?
2, 3, 7
Let y(m) = 7*m - 5. Let i be y(3). Suppose 14*a - i*a = -40. List the prime factors of a.
2, 5
What are the prime factors of (-1)/(4/(-11081)) + 66/(-264)?
2, 5, 277
Let l be 1